-46 + i. Calculate the highest common factor of l and r.
6
Let r = 35 + -27. Calculate the greatest common factor of 64 and r.
8
Let a = 1 - 0. What is the greatest common factor of a and 1?
1
Let l(s) = -24*s - 8. Let w be l(-7). Calculate the highest common factor of 20 and w.
20
Suppose -3*h + 3 = 0, 0*s = 2*s - 3*h + 39. Let r = s - -28. Calculate the highest common divisor of r and 70.
10
Let q(t) = -4*t**3 - t**2 + 2*t - 3. Suppose -6 = -4*w - 18. Let m be q(w). Calculate the highest common factor of 18 and m.
18
Suppose 0*f + 5 = -f. Let v = -2 - f. Let y(h) = h**3 - 2*h**2 + h. Let i be y(v). What is the highest common factor of 132 and i?
12
Let f be 6/(-8) - 1190/(-8). What is the highest common factor of f and 37?
37
Suppose -3*w = 5*k - w - 230, 0 = 3*w - 15. What is the greatest common factor of k and 484?
44
Let j = 10 + -7. Suppose j*g = 2*h + 29, h - 6*h + 31 = 4*g. Let w(z) = z**2 - 6*z - 11. Let x be w(g). Calculate the highest common factor of 24 and x.
8
Let q(f) = 2*f**2 + 18*f - 32. Let g be q(-11). What is the highest common factor of g and 156?
12
Suppose -2*l + 5 = -l. Suppose 608 = 5*i - 92. Suppose 3*p - 3*a = 105, 0 = -l*p - 2*a - 0*a + i. What is the highest common divisor of p and 12?
6
Let g be -2 + 0 + 2 + 1. Suppose 0 = -3*f + 2*h - 3, -4*h + 5 + 11 = 4*f. Calculate the highest common factor of g and f.
1
Let v(t) = -14*t - 12. Let x be v(-9). Suppose 0 = 3*h + q + q - x, 0 = -3*h - 3*q + 114. Let f = 70 - h. What is the highest common factor of f and 16?
16
Suppose 0 = -5*x - 2*a + a + 103, -2*a = -2*x + 46. What is the highest common divisor of 231 and x?
21
Suppose 0 = 3*y + 3, 3*l - 16 = 2*y + 2*y. Let k be (-20 - 4)*(-2)/l. What is the highest common factor of 132 and k?
12
Suppose 4*b - 140 = -0*b. Suppose 0 = 3*u - 8*u + b. Calculate the greatest common factor of u and 63.
7
Suppose -8*j + 6*j = -48. Calculate the greatest common factor of j and 12.
12
Suppose 0 = -0*q - q + 183. Let a = q + -48. Let m be (-43)/(-3) - (-4)/6. What is the greatest common factor of a and m?
15
Let x(p) = p**2 - 3*p - 6. Let u be x(5). Suppose 101 = u*s - 27. What is the highest common factor of 8 and s?
8
Let k = -114 - -250. Suppose -7*x + 3*x = -k. What is the greatest common divisor of x and 85?
17
Let s be ((-10)/(-15))/(3 - 161/54). Calculate the highest common factor of s and 24.
12
Let r be (-4)/(-3)*(-6)/(-8). What is the greatest common divisor of 3 and r?
1
Suppose 0 = -3*v - 2*v - 25, 2*v = 2*g - 66. Let y be 4/14 - (-1000)/g. Suppose d = -d + y. Calculate the highest common factor of 45 and d.
9
Let h(r) = 2*r - 2. Let w be h(9). What is the highest common factor of w and 32?
16
Let u be ((-130)/(-4))/((-1)/(-2)). What is the greatest common divisor of 195 and u?
65
Let a be 4/14 - 136/(-14). Let u = -249 + 399. Suppose 4*g = u + 50. Calculate the highest common divisor of g and a.
10
Let u = -15 - -18. What is the greatest common factor of 3 and u?
3
Suppose 0 = 5*s - 10, 46 = -0*j + 3*j - 4*s. Calculate the greatest common divisor of j and 72.
18
Suppose -f + 2 + 3 = b, 0 = 3*f - 4*b - 1. Suppose 2*z + f*z = 0. Let w(q) = q + 30. Let u be w(z). What is the greatest common divisor of u and 45?
15
Let w(y) = y**2 + 2*y - 5. Let o be w(-4). What is the greatest common divisor of o and 24?
3
Let u = -12 + 22. Calculate the greatest common factor of 100 and u.
10
Suppose 72 = -6*p + 8*p. Let u be (24/p)/((-2)/(-561)). What is the greatest common factor of u and 17?
17
Let h be (3/(-6))/((-2)/(-20)). Let x be h*(-1 - 13/5). Calculate the greatest common factor of 9 and x.
9
Let j be (4 - 1 - 0) + -1. Let r = 0 + j. Calculate the greatest common divisor of 2 and r.
2
Let y be -8 - 1 - 0/(-8). Let a be 60/y*(-12)/8. What is the greatest common divisor of a and 80?
10
Let k = -19 + 28. Let c = 166 + -85. What is the greatest common divisor of k and c?
9
Let a = 10 + -5. Suppose -3*t + a = -34. What is the highest common factor of 78 and t?
13
Suppose 2*m = -m + 543. Suppose 6*g - m - 467 = 0. Calculate the greatest common divisor of g and 12.
12
Let o(z) = -z**3 - 3*z - 3. Let d be o(-1). Calculate the highest common divisor of d and 1.
1
Suppose 0 = -5*j - 5 + 10. Calculate the highest common divisor of j and 5.
1
Suppose 199 = 7*v + 24. Calculate the highest common divisor of v and 100.
25
Let g(z) = z**2 + 5*z + 4. Suppose 5*s + 55 = 5*q, -13 = -s + 5*q - 44. Let v be g(s). Suppose 6*y - 440 = 2*y. What is the greatest common factor of v and y?
10
Suppose 2*d = -3*d. Suppose 3*n - 2*v - 22 = d, -6*v - 12 = 2*n - 2*v. Calculate the highest common divisor of n and 4.
4
Suppose -11 + 155 = -3*i. Let r be 3*1/3 - i. What is the highest common divisor of 7 and r?
7
Let g(u) = 2*u**2 - 2*u - 1. Let y be g(-1). Suppose -a - 4*h + 28 = 0, y*a + 3*h = 102 - 9. What is the highest common factor of 80 and a?
16
Let q(v) = v**2 + 5*v - 4. Let w be q(-6). Suppose 2*x = -w*x + 2912. Suppose 2*c - 6*c = -x. Calculate the highest common factor of c and 26.
26
Let h(t) = -t**3 - 7*t**2 - 4*t - 2. Let m be h(-6). Let l = m - -22. What is the highest common divisor of l and 72?
8
Let v be ((-27)/(-2))/(2/8). Let w(h) = -h**3 + 4*h**2 + 4*h - 3. Let l be w(3). Calculate the greatest common divisor of v and l.
18
Let m(p) = p**2 + 2*p. Let g(k) = -k - 4. Let l be g(0). Let s be m(l). Suppose 13 + 19 = 4*u. What is the highest common divisor of u and s?
8
Let x(z) = 74*z**2 - z. Suppose -6 + 3 = 3*t. Let i be x(t). Calculate the highest common factor of 30 and i.
15
Suppose 3*m = 8 + 19. Let l be (9/2)/((-2)/(-36)). Calculate the greatest common factor of m and l.
9
Let x = -216 - -415. Let k = 279 - x. Let i(h) = 2*h**2 - 3*h - 1. Let y be i(3). Calculate the greatest common divisor of k and y.
8
Let g(p) = -p**3 - 12*p**2 - 5*p - 30. Let k be g(-12). What is the greatest common divisor of k and 10?
10
Suppose 4 = -5*a + 54. Let p = -1 - -2. Let o be -2 + (a - (-1 - p)). What is the highest common factor of o and 5?
5
Suppose -5*o + 4*v + 499 - 45 = 0, 3*o - 269 = -v. What is the greatest common factor of 18 and o?
18
Let d = 3 - 20. Let t = 0 - d. Suppose -2*g - 13 = -81. What is the greatest common factor of t and g?
17
Let m be (69/9 + 2/(-2))*6. What is the greatest common divisor of 10 and m?
10
Let r = 10 - 1. Let w = -36 + 42. Let q be -2*r/w*-1. Calculate the greatest common factor of q and 9.
3
Let o(s) = -s - 11. Let t be o(-12). Calculate the highest common divisor of t and 11.
1
Let a(i) be the second derivative of i**5/20 - i**4/4 - 3*i**2/2 - 2*i. Let p be a(4). Suppose 0*g + g = 26. What is the greatest common factor of p and g?
13
Suppose 2*v - 50 = -2*c, -3*v = -5*c - 0*v + 93. What is the highest common divisor of c and 3?
3
Let o be 1 + -1*46/(-2). Calculate the highest common divisor of 24 and o.
24
Suppose -n + 14 = -2*b, 2*n - 5*n + 35 = b. Let o(s) = 6*s - 6. Let r be o(7). What is the greatest common factor of n and r?
12
Let t = 34 - 19. Let f = -144 - -84. Let w be 6/(-4)*f/6. What is the greatest common divisor of w and t?
15
Let a = 15 + 50. Let w(p) be the third derivative of p**5/30 - 5*p**4/24 + p**3/6 + p**2. Let h be w(5). What is the highest common divisor of a and h?
13
Suppose 7*b - 59 = 214. Suppose 2*u + 76 = 210. Let w = u - b. What is the greatest common factor of w and 14?
14
Let g(m) = 29*m**2 - 4*m - 3. Let o be g(-3). Calculate the highest common factor of 30 and o.
30
Suppose -2*j + 32 = 4*z, 5*j - 16 - 22 = 4*z. Let s be (-8)/10*(-8 - 2). Let b = s + -4. Calculate the highest common factor of b and j.
2
Let l(m) = m - 4. Let h be l(4). Suppose h = 5*a, a = -4*b + 57 - 5. What is the greatest common divisor of 91 and b?
13
Let j be (-9 - -11)*(-2)/4 - -33. Calculate the highest common divisor of 48 and j.
16
Let o be 2/(-7) + 69/21. Suppose -o*f + 40 = f. Suppose -2*m + f = -m. What is the greatest common factor of 10 and m?
10
Suppose 4*b - l = b + 116, 3*b - 136 = -4*l. Suppose -8*u = -3*u - b. Let h be 1/(-3) + 50/6. Calculate the greatest common factor of u and h.
8
Suppose -2*g = -2*z + 14, 0*z = z + 3*g + 13. Suppose -2*k + 0*k = 5*t - 45, 4*t + z*k = 38. Suppose 2*y - t = -3. What is the highest common factor of 3 and y?
1
Suppose 4*z = 9*z - 990. Let b = -108 + z. Let v = -19 + 